)/(4/10). Let z(a) = a**3 - 3*a**2 + 2. What is z(j)?
-2
Let n(d) = d**3 - d**2 + 2. Suppose 0 = 5*j + 4*p - 95, 3*p - 124 = -4*j - 47. Let u = j + -13. Suppose -w + 2 = c - 0, 5*w = 5*c + u. Determine n(w).
6
Let h(w) = 5*w**3 + 2*w**2 - 1. Suppose 3*c = 8*c - 10. Suppose 3*a = 5*j + c*a, -3*a = 2*j. Let g be j + (-2 - (-2 - 1)). Calculate h(g).
6
Let g(d) = d**2 - d - 1. Let k(s) = s**3 + 21*s**2 - 22*s - 5. Let u(y) = -6*g(y) + k(y). Give u(-16).
1
Suppose -3*j = -2*p - 7*j + 6, 2*p + 5*j - 11 = 0. Let z(n) = -n**2 - 4*n + 3. Determine z(p).
-18
Suppose 2*b = -q + 9, -4*b + q = 6*q - 21. Suppose -18 = -j - 2*j. Let s(k) = -j + 0*k**3 - k**3 - k + 3*k**2 + 7*k. Determine s(b).
2
Let j(p) = 2*p + 7. Suppose 2*z = 3*z - c - 9, -2*z + 5*c = -33. Let t = -39 + z. Let m be (-3)/(3 - (-90)/t). What is j(m)?
-7
Suppose 5*h + 3*j = 27, -5*j + 30 - 10 = 0. Let u(t) = t**3 - 4*t**2 + 4*t. Determine u(h).
3
Let d = 7 + -5. Let t(u) = -u + 7 + d*u + 4. Let k = -32 - -26. Calculate t(k).
5
Suppose -151 = -8*u + 33. Let y be u/3 + (-6)/(-18). Let w(z) = z - 11. Determine w(y).
-3
Let z(w) = -2*w - 2. Let r be (-4 - 30/6) + 7. Calculate z(r).
2
Suppose 0 = 3*s + 2*b - 10, s + 4 = 2*s + b. Let l(u) be the second derivative of 0 + 8*u + 2*u**s + 1/6*u**3. Calculate l(-6).
-2
Let v(n) = -n**3 - 4*n**2 + 3*n - 1. Let p be 57/(-5) - 4/(-10). Let t(k) = k**3 + 19*k**2 + k + 12. Let g be t(-19). Let j = p - g. Calculate v(j).
-13
Let p(k) = 3*k - 31*k**2 - 35*k**2 + 98*k**2 - 33*k**2. Determine p(5).
-10
Let n = -82 - -84. Suppose 15 = -3*c + 5*q, 3*c + 15 = q - n*q. Let d(k) = k. Determine d(c).
-5
Let o be 4/(-6) - (-6)/9. Suppose o*q = 2*q + 6. Let r be 9/6*(-16)/q. Let k(u) = -u**2 + 9*u - 10. What is k(r)?
-2
Let p(j) be the second derivative of -j**4/12 + j**3/2 + 5*j**2/2 + 12*j. Let k(b) = -9*b + b**2 + b - 14 + 2*b**2. Let q(h) = 2*k(h) + 7*p(h). Calculate q(6).
1
Let d(h) = h**2 - 9*h + 23. Let k be d(3). Let q(l) = 11 - l**3 - l**2 + 4*l**2 - 8 + k*l**2 + 8*l. Give q(9).
-6
Let r(t) be the second derivative of t**3/3 - 3*t**2 + 2*t - 2. Let p be 12/10*30/9. Give r(p).
2
Let i(h) = -h - 11. Let x(t) be the third derivative of -t**4/8 - t**3/3 + t**2. Let b be (-1 - -3) + 0 - 1. Let k be x(b). What is i(k)?
-6
Let f(t) be the third derivative of -t**4/8 - t**3/2 - 102*t**2 + 2. Determine f(-2).
3
Suppose 22 + 6 = -2*d - 5*z, -3*z = 12. Let t(m) = -4*m - 9. Determine t(d).
7
Let l(h) = -6*h + 4. Let i(a) = -a - 10. Let j = 41 + -48. Let u be i(j). What is l(u)?
22
Let j(a) = a - 2. Let i be 1/6*-4*6. Let v be (i/(-12))/(1/21). Let z(l) = l - 9. Let x be z(v). What is j(x)?
-4
Suppose 2*g = g + 22. Let u = 28 - g. Let j be 4/u*(-27)/(-18). Let w(f) = 4*f**3 - f + 1. Calculate w(j).
4
Let f(s) = -s**2 + 7*s + 1. Let b be (-7 - -1) + 5 - -79. Let k = b + -72. What is f(k)?
7
Let m be 0/(-1 + -1 - -1). Suppose 5*w + 1 - 16 = m. Let y be 3/9 - 1/w. Let z(i) = i**3 + i**2 - i - 2. What is z(y)?
-2
Let l(z) = -6*z**2 + 12*z. Let d(y) = -5*y**2 + 8*y. Let n(r) = 5*d(r) - 4*l(r). Give n(-9).
-9
Let y(v) = -5*v + 8. Let t(i) = -i + 2. Suppose 22*o - 45 = 17*o. Let q(b) = o*t(b) - 2*y(b). Let f be q(5). Let z(s) = s**3 - 8*s**2 + 6*s + 9. Calculate z(f).
2
Let t be 0 - 0/2 - 1. Let j = -4 + t. Let z(y) = 3*y + 14. Let n(d) = -19*d - 93. Let v(x) = 2*n(x) + 13*z(x). What is v(j)?
-9
Let a(z) = 6*z - 1. Let d(f) be the second derivative of f**3/6 + 7*f**2 - 5*f. Let o be d(-5). Let m be (-7)/o - 8/36. Calculate a(m).
-7
Suppose 0 = -5*r - 4*q + 75 + 23, -2*r = 2*q - 38. Suppose -x - r = x. Let k be (-16)/(-88) + (-42)/x. Let g(m) = m**2 - 5*m. Calculate g(k).
-4
Let t = -350 - -355. Let p(c) = 7*c - 7. Let l(d) = -8*d + 7. Let z(j) = 5*l(j) + 6*p(j). Give z(t).
3
Let b(i) = -41*i - 47*i - 1 + 124*i - 43*i. Let v be b(-1). Let h(l) be the second derivative of -2*l**3/3 + 4*l**2 - l. Calculate h(v).
-16
Let u(k) = 4*k**2 + 2*k - 1. Let s(y) be the first derivative of -y**4/4 - 5*y**3/3 - 5*y**2/2 - 3*y + 4. Let v be s(-4). Suppose -2*q - v + 3 = 0. Give u(q).
5
Let d(y) = 31*y - 8. Let u(b) = -2*b + 1. Let z(p) = 23*p - 9. Let f(c) = -6*u(c) - z(c). Let k(m) = -4*d(m) - 11*f(m). Determine k(-2).
5
Let o(v) = 22*v**2 + 2*v - 1. Let s be (2/(-7))/(32/(-112)). Give o(s).
23
Let f(s) be the first derivative of s**3 + s**2 - s + 511. Give f(-2).
7
Let k = 65 - 63. Suppose -4*i = -5*o - 1 - 4, 2 = -k*i + 4*o. Let g(r) = -r**2 - 2*r**2 + 7*r + 2*r**2 - 2. Determine g(i).
8
Let b(c) be the third derivative of -c**4/12 + 10*c**3/3 - 284*c**2. Calculate b(14).
-8
Let w(z) = z**2 + 50*z + 619. Let r be w(-28). Let m(b) = b + 1. Let h(k) = -k**3 + k**2 - 1. Let u(s) = -h(s) - 2*m(s). Calculate u(r).
11
Let u(f) be the second derivative of f**4/4 + f**3/6 - 3*f**2/2 - 482*f. Give u(-2).
7
Suppose -11 = s - 5*k, 5*s + 24 = -k - 5. Let l(q) = -6*q**2 + 2*q - 1. Let m(g) = -5*g**2 + g - 1. Let w(h) = s*l(h) + 7*m(h). Calculate w(4).
-5
Let k(y) = -y + 4. Let q be ((-16)/(-14))/(2/7). Suppose 0 = g + 1 - q. Determine k(g).
1
Let q(i) = 3 + 439*i - 437*i + 4. Give q(5).
17
Let i = -15 - -32. Let c = i + -9. Suppose 5*v = 2*x - 20, -2*v - 2*x + 3*x - c = 0. Let s(f) = -2*f + 5. Give s(v).
13
Let d be 2*(6 + -4)/(-4). Let j(m) be the second derivative of -m**3/6 - m**2/2 + 3*m + 11. What is j(d)?
0
Let s(j) = -154 - 145 + 298 - 6*j. Give s(-1).
5
Let o(m) = -32*m - 95. Let c be o(-3). Let b(k) = -6*k. Determine b(c).
-6
Suppose 0 = 5*x + 6 + 4. Let m(i) = -4*i**3 - 4*i**2 + 2*i + 2. Let g(y) = 6*y**3 + 6*y**2 - 3*y - 3. Let a(l) = 5*g(l) + 8*m(l). Calculate a(x).
7
Let r(g) = -2*g. Let t be ((-4)/6)/(12/(-90)). Suppose -4*d - 34 = -2*x, 7*d - t*d + 32 = -4*x. Let c be (-1)/(-5) - 28/d. Give r(c).
-6
Let k be 2/7 - 57/(-21). Suppose 5*p - k = 12. Let c(l) = l**2 + 3*l - 1. Let v(z) = 8*z. Let f(j) = c(j) - v(j). What is f(p)?
-7
Let t be (-65)/(-30) - 1/6. Suppose 2*g = g + t. Let a(k) = 3*k + 3*k**2 + 2*k**3 + k + 4 + g - 4. Give a(-2).
-10
Let r(x) be the third derivative of x**6/120 - 3*x**5/20 + x**4/3 - 4*x**3/3 - 2*x**2 + 2. What is r(8)?
-8
Let l(w) be the second derivative of -w**4/12 + 4*w**3/3 - 3*w**2/2 - 3*w - 5. Suppose h - 4 - 3 = 0. Calculate l(h).
4
Let d be 205 + (-3 - 0 - -6). Let h(r) = -1 + d*r - 2*r**2 + r**3 + 5*r**2 - 206*r. What is h(-3)?
-7
Let c(u) be the third derivative of u**5/60 - u**4/2 + u**3/2 + 21*u**2 + 2*u. What is c(12)?
3
Let d be 63 + (-32)/(-10) + 4/(-20). Let c = d - 72. Let p(i) = i**2 + 7*i - 4. Calculate p(c).
-10
Let j = -10 + 16. Let d be j/30 + (-19)/(-5). Suppose 0 = 3*c - d - 2. Let b(v) = -4*v - 1. Calculate b(c).
-9
Let v(d) = d**3 + d**2 - 2*d - 1. Let i be v(-2). Let r be (-2 - -3)/(i/(-4)). Let b(h) = -h + 1. Determine b(r).
-3
Let c(q) = 6*q**2 + 47*q - 20. Let i(f) = -f**2 - 9*f + 4. Let b(h) = -2*c(h) - 11*i(h). Calculate b(4).
0
Let x = -67 - -61. Suppose -2*z + 16 = 6. Let p(o) = 2*o + 9 + 0 - z. Determine p(x).
-8
Let s = -30 + 34. Suppose -s*k + k + 15 = 0. Let y(w) = 0*w - 3 + k*w + 6 - 1. What is y(-2)?
-8
Let r(j) = -2*j**2 + 12*j. Let l(n) = 5*n**2 - 35*n - 1. Suppose 3*q = -b + q - 5, -b - q = 1. Let o(d) = b*l(d) + 8*r(d). Let p = -1140 + 1132. Give o(p).
5
Let y(l) = l**3 + 4*l**2 + 4*l - 1. Let v be (-54)/(-21) + -2 - (-2925)/63. Let r = 44 - v. Calculate y(r).
-4
Let f(s) = -s**2 + s + 1. Let m(y) = -6*y - 2. Let t be m(-1). Suppose -12 = -t*n + 4. Suppose 3*u = i - 3 - 2, -2*i + n = 0. Calculate f(u).
-1
Suppose -17*a + 19*a - 6 = 0. Let i(j) = -2*j**2 + 8*j + 8. Let v(d) = 3*d**2 - 9*d - 9. Let o(c) = a*v(c) + 4*i(c). Let g be (-26)/6 + 1/3. Give o(g).
1
Let x(k) be the first derivative of -24 + 4*k + 1/3*k**3 + 7/2*k**2. Calculate x(-8).
12
Suppose -c + 3*c + 16 = 2*z, -4*z = -c - 20. Let s(w) = -w - 3. Determine s(z).
-7
Suppose o = -3 - 8. Let t = -14 - o. Let u be (-21)/9 - (-2)/t. Let b(l) = -l**2 - 5*l - 4. Give b(u).
2
Let y(x) = x + 9. Let u be -51 - -40 - (-10)/(-5). Give y(u).
-4
Let p(q) = -q - 10. Let i = 78 + -91. What is p(i)?
3
Let k(q) = 2*q - 1. Suppose 3*i = -3*h + 9 - 30, 25 = -5*h. Suppose -15 - 1 = -4*j. Let t be (i + (-28)/(-8))*j. Calculate k(t).
11
Let b(p) = p**2 - 3*p - 4. Suppose 2*x - 10 = -2*g + 2, 5*x + 4*g - 25 = 0. Let h(c) = 5*c**2 - c. Let t be h(x). Calculate b(t).
0
Let a(q) = q*